 + 3*c + 11. Let d be m(-12). Suppose -d + 239 = -4*u. Calculate the highest common divisor of 30 and u.
30
Let f(j) be the first derivative of -11*j**2 - 2. Let y be f(-7). Suppose 0 = b - 6*b + 110. Calculate the greatest common divisor of b and y.
22
Let j = 167 - 19. Suppose 144 = -4*l + 3*c, -2*l - 4*c + j = -6*l. Let w = l - -48. What is the greatest common factor of w and 3?
3
Let j = 188 + -128. Let t be 32/6*108/24. What is the highest common factor of j and t?
12
Suppose 844 = 6*w - 5*w + 5*p, -2*w - p + 1724 = 0. Calculate the greatest common divisor of w and 54.
54
Suppose -522 + 417 = -5*o. What is the highest common factor of o and 189?
21
Let s(n) = 20*n**2 - n + 1. Let l = 5 - 3. Suppose 0 = 5*z - y - 6, -l*z + 4*y = -5*z - 1. Let p be s(z). What is the greatest common factor of 4 and p?
4
Let f be (-12)/81*-96 - 8/36. Calculate the highest common divisor of f and 12.
2
Let u = 36 + -18. Let c = 20 + -33. Let d = c + u. What is the greatest common factor of d and 45?
5
Let f be (-1)/4*-15*-4. Suppose 13*s = -261 + 105. Let d be (f/(-18))/((-2)/s). Calculate the greatest common factor of 1 and d.
1
Suppose -3*w + w - 20 = -3*o, 4*o - 20 = -4*w. Let i be ((-3)/o)/((-2)/96). What is the highest common factor of i and 84?
12
Suppose m + 1 - 5 = 0. Let o be 4662/(-28)*m/3. Let w = o + 398. Calculate the highest common divisor of 22 and w.
22
Let q(n) = -65*n - 130. Let j be q(-8). Let x be 1 + (39 - -1) - 2. What is the greatest common divisor of j and x?
39
Let g(w) = -w - 3. Let a be g(-5). Suppose -8 = a*c - 4*c. Let p be (c + -3)*1 - -41. Calculate the highest common divisor of 6 and p.
6
Let b be -8 + 7 + -3 + 68. Calculate the greatest common factor of 16 and b.
16
Suppose -3*m - 2*m - 43 = 4*d, 5*m = 4*d - 27. Let s = m - -9. Let o be ((-12)/s)/(6/(-39)). What is the highest common factor of o and 26?
13
Let c be (-108)/(-8)*(1 - -3). Let k(y) = -y**3 + 20*y**2 - 18*y - 13. Let a be k(19). What is the highest common divisor of c and a?
6
Suppose 2*d = 4*x + 54, -154*x - 12 = -150*x. Calculate the highest common divisor of d and 1029.
21
Suppose 3*b - 16 = 8. Suppose -5*t = b - 48. Calculate the greatest common factor of 32 and t.
8
Let s(m) = -m**3 - 5*m**2 - 4*m + 4. Let g be s(-5). Suppose -c + g = 13. Let u = 239 + -162. What is the highest common divisor of c and u?
11
Let k(c) = -31 - 9*c - 2*c + 24 - c**2. Let p be k(-10). What is the highest common divisor of 27 and p?
3
Let i(j) = 11*j**3 + 2*j - 1. Let v be i(1). Suppose -4*q + 655 = q - 5*l, -2*l - 130 = -q. Calculate the highest common factor of q and v.
12
Let h = 3282 - 3170. Suppose 3*f - 13 - 29 = 0. What is the greatest common divisor of f and h?
14
Suppose -3*p + 0 = -12, 4*y = -2*p + 168. Calculate the greatest common factor of y and 10.
10
Suppose 17*f - 105 = 439. Suppose 0 = -w + 4*w - 48. What is the greatest common factor of w and f?
16
Let t = 349 - 334. What is the greatest common divisor of t and 1815?
15
Suppose 0 = -7*z + 11*z - 64. Let w(i) = 3*i - 42. Let g be w(z). What is the greatest common factor of 48 and g?
6
Let n = 1370 + -1234. What is the greatest common divisor of n and 4?
4
Let b be (-1 + 0)*-2 + (-3 - -21). What is the highest common divisor of b and 5?
5
Let n(f) be the second derivative of 5*f**4/12 + f**3 - 7*f**2/2 - f - 3. Let k be n(-5). Calculate the highest common factor of k and 66.
22
Let n(c) = c**2 - 3*c - 1. Let s be n(7). Let m(k) = k**2 + 13*k - 21. Let j be m(-16). Calculate the highest common divisor of j and s.
27
Suppose 3 - 15 = -m - 2*l, 4*m - 2*l - 98 = 0. What is the greatest common divisor of 10 and m?
2
Let k = -40 - -112. Calculate the highest common factor of 3 and k.
3
Let a be (-4)/34 + (-76038)/(-986). Calculate the highest common factor of 21 and a.
7
Let d = 479 - 127. What is the highest common divisor of 32 and d?
32
Let a = -1091 - -1219. Let l be 20/2*(-16)/(-10). Calculate the greatest common divisor of a and l.
16
Let i = -194 - -197. Suppose -3*c - 3*s + 30 = 0, 3*c = -2*s - 3*s + 26. Calculate the greatest common factor of c and i.
3
Suppose -2*n + 28 - 2 = -4*t, 5*n = -3*t. Suppose -4*c = -2*f + 88, -n*f + 2*c = c - 137. What is the highest common divisor of 460 and f?
46
Let n be 17 + 4 + 0 + -3. Suppose -2*q + n = -26. What is the greatest common factor of q and 176?
22
Suppose -17*b - 16 = -16*b. Let m = 26 + b. Calculate the greatest common divisor of m and 80.
10
Suppose -409 = -2*z + 403. Calculate the greatest common divisor of z and 232.
58
Suppose -k + 5*k = 0. Let n(v) = -10*v + 175. Let a be n(14). Suppose k = 12*t - 11*t - a. What is the greatest common factor of t and 14?
7
Suppose 3*b - 92 + 6 = 5*m, 5*b - 138 = 3*m. Let l be (-1 + b/(-15))*-5. Calculate the greatest common factor of l and 56.
14
Suppose 0 = 3*y - 85 + 13. Let j = y - 11. What is the highest common divisor of 117 and j?
13
Let h = -403 - -407. Let a = -8 - -6. Let z be 27 + 4*a/h. What is the greatest common factor of z and 225?
25
Let f be 21 - -3*5/(-15). Let c(s) = 24*s + 2. Let z be (-1 + 2)/(2/4). Let v be c(z). What is the highest common factor of f and v?
10
Suppose 34*a = 36*a - 272. Calculate the greatest common factor of 476 and a.
68
Suppose 0 = 21*d - 19*d - 22. Let k = -11 - -9. Let v be 91 + 6/4*k. What is the highest common divisor of v and d?
11
Suppose -11*s = -7*s + 4. Let f be ((-11)/(-2))/(s/(-8)). Calculate the highest common divisor of f and 4.
4
Suppose -2*p - 3*h = -2*h - 36, -5*h + 80 = 5*p. What is the greatest common divisor of 40 and p?
20
Let n = 7 + -2. Suppose 2*x - 3*x + 4 = 0. Suppose c - 17 = -n*q, 3*c = x*q + c - 22. What is the highest common divisor of 28 and q?
4
Suppose 10*c - 4 = 6*c. Let y be -43*(-5)/(-5)*(-2 + c). What is the greatest common divisor of y and 301?
43
Suppose -96 = 5*y + y. Let t = -14 - y. Let h(m) = 19*m**3 + 3*m**2 - 3*m + 2. Let u be h(t). Calculate the highest common divisor of u and 20.
20
Let w = -524 - -525. Suppose -2*b - 2*a + 41 = 3*b, -2*b - 5*a + 29 = 0. What is the greatest common divisor of b and w?
1
Suppose b - 5 = 0, -45 = 4*j - 9*j - 3*b. Let g(k) = 2*k**2 + 4*k - 6. Suppose -15 = 3*q - 0. Let x be g(q). Calculate the greatest common divisor of j and x.
6
Suppose -41*x - 16600 = -4*k - 45*x, 4*k + x - 16612 = 0. What is the greatest common factor of 62 and k?
62
Let p(d) = 13*d**2 + 55*d - 2. Let g be p(-5). Suppose 0 = 6*j - 9*j + 36. What is the highest common factor of j and g?
12
Suppose -21*m = 3620 - 13637. What is the highest common divisor of m and 53?
53
Let k = 28 - 57. Let m = k - -57. Calculate the highest common factor of m and 4.
4
Suppose -16*o = 330 - 394. What is the highest common factor of 36 and o?
4
Suppose 3 = 5*y - 22. Suppose -2 = -0*n + n, 0 = 5*r + y*n - 200. Suppose z + r = 4*z. What is the greatest common factor of z and 2?
2
Let d = -443 + 460. Calculate the highest common factor of 119 and d.
17
Suppose -t + 49 - 14 = r, 0 = -5*t + 15. Suppose v = 2*v - 1036. Suppose -5*y + 244 = -v. What is the highest common factor of y and r?
32
Suppose 0 = 2*h - 28 - 12. Let d(w) = 2*w - 8. Let r be d(13). Suppose 3*u - r = 4*b, -4*u + 3*u + b + 7 = 0. What is the greatest common divisor of u and h?
10
Let w = 339 - 145. Let c = w + -137. Calculate the greatest common divisor of c and 76.
19
Let f = -61 + 69. Let l(u) be the first derivative of 2*u**2 + 4*u - 3. Let s be l(5). What is the highest common divisor of s and f?
8
Suppose 36*x + 348 = 40*x. What is the greatest common factor of x and 3?
3
Suppose -2*p - x + 73 = -193, 5*x = 3*p - 386. Calculate the greatest common factor of 24 and p.
12
Let u(y) = 9*y**2 + 58*y + 14. Let l be u(-8). Calculate the greatest common divisor of 196 and l.
14
Let v be ((-136)/4)/(-2) + 1. Let b = 29 - v. Suppose 3*z - 4*z - f + 103 = 0, -4*z + f + 392 = 0. Calculate the highest common divisor of z and b.
11
Let o(t) be the third derivative of t**5/60 + t**4/4 + 13*t**3/6 - t**2. Let u be o(-4). Calculate the highest common divisor of 25 and u.
5
Let c(q) = q + 14. Suppose -2*j - 45 = 3*j. Let g be c(j). Let w be (g/4)/((-3)/(-24)). Calculate the greatest common divisor of 15 and w.
5
Let d(y) = 4*y**3 - 2*y**2 + 4*y + 2. Let c be d(2). Calculate the greatest common divisor of 3